- 142*o - 21. Let f be t(-19). Suppose 0 = w - 2*d - 28, -w + 0*w - 5*d = -35. What is the greatest common factor of w and f?
30
Let g = -12 - -14. Suppose 3*l + t = 178, -4*l + 0*t + 244 = -g*t. Let h(y) = 22*y - 2. Let r be h(1). Calculate the greatest common divisor of l and r.
20
Suppose 28*q - 9660 = -110*q. What is the highest common factor of q and 266?
14
Let z(s) = s**3 + 2*s**2 - 7*s + 7. Let h be z(2). Calculate the highest common factor of h and 729.
9
Let j be ((-14)/(-2))/((-5166)/(-644) + -8). What is the highest common divisor of 46 and j?
46
Let m = 41 + -25. Let w(t) = -t**3 + 8*t**2 - 4*t + 5. Let p be w(6). Suppose p - 13 = 5*y. Calculate the highest common divisor of m and y.
8
Let o = -463 - -523. Calculate the highest common factor of 15 and o.
15
Let b be (-1083)/1444*(-116 + 1 - 1). Calculate the greatest common divisor of 638 and b.
29
Suppose -3*f = 3*u - 228, 0 = 3*f + u - 86 - 134. Calculate the greatest common divisor of f and 8.
8
Let o(q) = -24*q + 3. Let w be o(-6). Suppose 0 = g - 4*m - 5, 59 = 289*g - 286*g - m. What is the greatest common divisor of w and g?
21
Suppose -2*l + m - 3*m = -18, -l + 6 = 2*m. Calculate the greatest common factor of 4 and l.
4
Let l be 595/(-14)*-2*4/10. Calculate the greatest common factor of l and 272.
34
Let f(m) = -3*m - 9. Suppose 4*a - 32 = 2*a. Suppose -4*z = -3*k - 18 + 6, 4*k = -3*z - a. Let y be f(k). Calculate the highest common divisor of y and 1.
1
Let a = -1025 + 1475. What is the greatest common divisor of a and 27?
9
Let t be 61/(-488) + ((-17089)/8)/(-1). What is the highest common factor of t and 24?
24
Suppose 0*j = 5*j + 20. Let i be j - (3/(-3) - 3). Suppose i = -0*z - 3*z + 45. Calculate the highest common factor of 45 and z.
15
Let n be -4*(-27)/30 - 2/(-5). Let c be -18*((-74)/n - (-30)/15). What is the greatest common factor of 27 and c?
27
Let w(l) = 3*l**3 - 7*l**2 + l. Let p(r) = -r**3 + 4*r**2 - r. Let d(a) = 7*p(a) + 4*w(a). Let m be d(3). What is the greatest common factor of m and 14?
14
Suppose -t - 5*q = -7 - 16, 8 = 4*q. What is the highest common factor of t and 923?
13
Suppose 0 = 5*d + 3*s - 83, 3*d - 4*s - 46 = -2*s. Suppose -d - 17 = -3*h. Let c = 135 - 47. Calculate the greatest common divisor of h and c.
11
Let j = 79 - -71. What is the greatest common divisor of 10 and j?
10
Suppose 2*u - 5*w = 31, 3*u - 12 = -3*w + 3. Let l(r) = 11*r**3 + r**2 - r + 1. Let p be l(1). What is the greatest common factor of p and u?
4
Let l be (1 + -12)*5/(-5). Let h(z) = -z + 17. Let t be h(12). Let k = l - t. What is the highest common divisor of 6 and k?
6
Let r(c) = 176*c**2 + 39*c - 133. Let k be r(4). What is the greatest common factor of k and 17?
17
Suppose -5 + 2 = -3*u, 2*r - 5*u - 1 = 0. Suppose -r*q + 5*q = 36. What is the highest common factor of 12 and q?
6
Let a be 18819/11 + (-238)/(-1309). Calculate the highest common factor of a and 59.
59
Suppose -x + 8*x = 14. Let q = x - -20. Calculate the greatest common factor of q and 99.
11
Let q(i) = -i + 7. Let w(v) = -v + 7. Let g(n) = -3*q(n) + 4*w(n). Let a be g(5). Calculate the greatest common factor of 22 and a.
2
Let b(k) = 5*k**2 - 1. Let i be b(-1). Suppose -4*p + i*y = -8, -y = -2*p - 2 + 6. Suppose p*z = 3*z - 14. Calculate the highest common divisor of 14 and z.
14
Let z be (-5)/((-15)/(-6)) + 11. Let c = -4 + z. Let p = c + 37. What is the highest common factor of 21 and p?
21
Let n(a) = 3*a**3 + 61*a**2 + 16*a - 56. Let o be n(-20). Calculate the highest common factor of 296 and o.
8
Let x(m) = 5*m + 1. Let l(s) = 5*s + 2. Let y(u) = 5*l(u) - 4*x(u). Let r be y(1). Calculate the highest common factor of r and 99.
11
Suppose -g - 325 = -5*b, 4*b - 4*g - 301 + 25 = 0. Calculate the highest common divisor of 16 and b.
16
Let z = -2096 + 3285. What is the highest common divisor of 58 and z?
29
Suppose -p + 66 = 5*m, 3*p = 3*m + 2*m + 238. Let k = -51 + p. Let w be ((-42)/10)/((-1)/k). Calculate the greatest common factor of 42 and w.
21
Suppose -2*j + a - 69 = 24, 5*j - a = -228. Let k = j - -51. Suppose -2*x - s = -3, -4 = 4*s - 0. What is the highest common divisor of k and x?
2
Let a(j) = -48*j**3 + 2*j + 2. Let m be a(-1). Let g be (165/(-10))/(-11)*m. Suppose -k - 2*k = -54. What is the highest common factor of k and g?
18
Let n(d) = d**3 + 8*d**2 - d - 7. Let f be n(-7). Let c = 56 - f. Calculate the greatest common factor of c and 63.
7
Let l be 0/((0 - 3)/3). Suppose l = i - 3*i - 126. Let j be -2 - (i - (5 - 2)). Calculate the greatest common divisor of 8 and j.
8
Suppose z - 10 = 4*j + 30, 3*z = -j + 120. What is the greatest common factor of 56 and z?
8
Let a = -69 - -82. Suppose 7*i = 8 + a. Calculate the greatest common factor of 9 and i.
3
Suppose 3*z = 3*v + 27, 2*z + z = -5*v + 67. Suppose 1 = 4*l - 3. Let s be 34 - (0 - (l - 0)). What is the highest common factor of s and z?
7
Let c(l) = -5*l - 16. Let x be c(-5). What is the highest common divisor of 117 and x?
9
Suppose -23*a = -16*a - 252. What is the highest common divisor of a and 63?
9
Let w be 1 + -5 + 0 - 18. Let b = 27 + w. Calculate the greatest common factor of 25 and b.
5
Let u be ((-1428)/(-21))/(1/1). Let s(i) = -27*i - 6. Let q be s(-4). What is the greatest common divisor of q and u?
34
Suppose v = -0*v. Suppose 4*p - 2 - 6 = v. Suppose 3*k - 176 = p*k. What is the highest common factor of k and 16?
16
Suppose 4*i - 2*i = 8, -z + 24 = 4*i. Let c = -166 + -44. Let r = 226 + c. What is the highest common divisor of r and z?
8
Suppose -115*n + 118*n = 2*f + 241, 4*f - 16 = 0. What is the highest common factor of n and 1577?
83
Let h be ((-8)/6)/((-6)/27). Let l be (-3)/h*2*9. Let c be 60*(-1 - l/6). Calculate the highest common factor of 20 and c.
10
Let p = -7 + 11. Let w = 10 + 4. Suppose -p*a + 6 = -w. Calculate the highest common factor of 20 and a.
5
Suppose 0 = d - 13 - 5. Let p(k) = k**2 - 6*k - 8. Let r be p(8). Suppose r*a - 3*a - 225 = 0. What is the highest common divisor of a and d?
9
Let r be -2*(1 + 163)/4. Let n = -78 - r. Calculate the greatest common divisor of n and 36.
4
Let o = -142 + 172. Calculate the greatest common factor of 75 and o.
15
Let j be (-51)/(-5) + (-8)/(-10). Let n = 0 + j. Calculate the highest common divisor of 55 and n.
11
Suppose 2*y = -0*y + 2, 5*n + 130 = -5*y. Let q = n - -70. Calculate the greatest common factor of 172 and q.
43
Suppose 2163*w = 2166*w - 111. Calculate the highest common factor of w and 1147.
37
Suppose -4*z + 3 + 53 = -4*h, 0 = -2*z + 5*h + 28. Suppose -13*f + z*f = 143. Calculate the greatest common divisor of f and 13.
13
Suppose 0*k = -p + 3*k - 155, 2*k + 294 = -2*p. Let v = 281 + p. Calculate the highest common factor of 33 and v.
33
Let z = 0 - -4. Let q be ((-10)/z)/(1/(-2)). Let v = q - -21. Calculate the greatest common divisor of 104 and v.
26
Let q = 15 + -11. Let c(s) = 5*s**2 - 10*s + 4. Let j be c(7). Let k = j + -163. What is the greatest common factor of k and q?
4
Suppose 0 = -20*v + 14*v + 84. Let t be 1/(-4 - (-51)/12). What is the highest common divisor of v and t?
2
Suppose 2*b = -4*p + 10, -3*p = -4 - 2. Let q be (-1)/(1/(-38)) + (b - 1). Calculate the greatest common factor of q and 57.
19
Suppose 3*u - 5*f = 351, u + f = -0*u + 117. Calculate the greatest common factor of u and 26.
13
Let t(p) = -p**2 - 11*p + 9. Let g be t(-11). Let m = 13 - g. Suppose 0*z - 20 = -m*z. What is the highest common factor of 2 and z?
1
Suppose 786 + 1294 = 12*b + 14*b. Let c(h) = -4*h**3 - 3*h + 3. Let p be c(-3). What is the highest common divisor of p and b?
40
Let o be (-62)/((1 + -3)/4). Suppose 4*r - o = 148. Let c = 20 + -3. What is the greatest common divisor of c and r?
17
Suppose 5*m + 36 + 29 = -5*a, -41 = 5*a - 3*m. Let g be (-5)/(15/(-6)) + a. Let r be g/(-4)*6 + 3. What is the highest common factor of 120 and r?
15
Let z be (0 - (51 - 5))/(1 + -2). What is the highest common factor of 6 and z?
2
Let v(l) = 6*l**2 + 2*l - 2 + 1 - 3. Let m be v(-3). Suppose -2*y + 4*p = -196, -250 = -2*y - 10*p + 5*p. Calculate the highest common divisor of y and m.
22
Suppose j - 5 = -3, 64 = -5*k + 2*j. Let b(x) = 2*x + 29. Let v be b(k). What is the highest common factor of v and 55?
5
Let r(o) = -o**2 - 13*o + 82. Let d be r(-14). What is 